.
-afdab5
What is -1cc012 (base 16) in base 12?
-76a46a
-17088355 (base 10) to base 8
-101137543
3a1158 (base 11) to base 10
631078
Convert -1733484 (base 10) to base 12.
-6b7210
101101101010101001010 (base 2) to base 4
11231111022
What is 182228 (base 9) in base 3?
12202020222
What is 34244625 (base 7) in base 3?
12121201012100
Convert -1739260 (base 11) to base 12.
-ba6188
What is -18e89 (base 15) in base 9?
-132873
Convert -3042023003 (base 5) to base 11.
-35587a5
805964 (base 11) to base 9
2385066
1000112011 (base 3) to base 5
1120230
What is -92979c (base 14) in base 13?
-1041129
Convert a0c5 (base 16) to base 10.
41157
78bbb1 (base 16) to base 8
36135661
What is 4c06c9 (base 13) in base 11?
103a243
-24d1f (base 16) to base 9
-248782
Convert -4033442 (base 8) to base 4.
-10003130202
What is 10522310 (base 6) in base 16?
4e9a2
What is 12201111 (base 4) in base 14?
9a3b
Convert a0130 (base 13) to base 5.
33121233
Convert -2b8087 (base 12) to base 16.
-b4967
Convert 13131102212 (base 4) to base 14.
38c658
Convert -2320033 (base 5) to base 6.
-521541
Convert -13312342 (base 5) to base 8.
-410263
70678 (base 9) to base 14
12d24
36105605 (base 7) to base 11
1892789
1ba8c (base 16) to base 15
2387c
-36bd5 (base 14) to base 7
-1065555
Convert -3dc8 (base 14) to base 13.
-4caa
-40578 (base 14) to base 9
-255244
1034313 (base 9) to base 2
10000111010100110111
24532 (base 14) to base 9
144762
What is 600703 (base 8) in base 11?
125065
-433010 (base 5) to base 16
-39a3
Convert -555131 (base 8) to base 7.
-1406046
What is -31230122202 (base 4) in base 8?
-15543242
What is -3427859 (base 10) in base 7?
-41064521
3af9 (base 16) to base 13
6b44
What is -878d3 (base 16) in base 11?
-34a165
What is 33bc0 (base 15) in base 6?
3310143
314534 (base 8) to base 3
12022202100
What is -1738242 (base 9) in base 16?
-ecf03
What is -132130333 (base 4) in base 10?
-124735
Convert -12b8b83 (base 13) to base 2.
-10110100001001100000100
-46002566 (base 7) to base 11
-2293054
Convert -10001100111110010 (base 2) to base 13.
-26b12
What is 120596 (base 10) in base 9?
203375
What is -4859081 (base 11) in base 7?
-131623335
Convert 3104244 (base 6) to base 15.
2e0dd
Convert -6607754 (base 9) to base 14.
-685359
What is -35042233 (base 6) in base 14?
-20120d
What is -12703547 (base 8) in base 16?
-2b8767
Convert -31110213021 (base 4) to base 16.
-3549c9
212131231 (base 4) to base 8
463555
What is 197814 (base 10) in base 2?
110000010010110110
3004814 (base 9) to base 13
43c405
-1100011110000110011 (base 2) to base 15
-8111c
Convert 13412 (base 6) to base 16.
830
Convert -2a204b (base 13) to base 6.
-34044445
What is 173c9 (base 15) in base 5?
4400424
What is 5352013 (base 6) in base 7?
2145210
What is -290691 (base 13) in base 12?
-403193
Convert -bc947 (base 13) to base 12.
-145b97
What is -60073 (base 9) in base 8?
-115010
What is -31401656 (base 8) in base 3?
-110120122221100
Convert -1100111100001010 (base 2) to base 5.
-3144002
Convert -15b18 (base 14) to base 9.
-82448
What is 11130111213 (base 4) in base 14?
291d79
What is 1025460 (base 9) in base 3?
1000212112000
Convert 202102201000 (base 3) to base 14.
a6800
Convert -31815873 (base 9) to base 11.
-8743a44
Convert -12401110 (base 5) to base 8.
-356256
What is -141626 (base 7) in base 6?
-325152
Convert 6a83 (base 12) to base 4.
2322003
11122210220201 (base 3) to base 6
125024331
Convert 6643904 (base 10) to base 3.
110111112201112
What is -10100100101010010101 (base 2) in base 5?
-133040303
42123413 (base 5) to base 11
218a07
What is a17213 (base 11) in base 4?
12033012210
Convert -163424 (base 7) to base 10.
-32456
Convert 1753 (base 11) to base 7.
6343
40302221 (base 5) to base 3
121100221211
What is 6d0c94 (base 14) in base 10?
3728834
Convert 5819a (base 11) to base 10.
84083
Convert -85a7 (base 15) to base 12.
-1444a
What is 914722 (base 11) in base 9?
2680771
Convert 27755215 (base 8) to base 4.
113331222031
What is -2a6a9 (base 12) in base 3?
-10000221210
215033500 (base 6) to base 3
21021222110200
85a51 (base 11) to base 5
13000144
Convert -121131220 (base 4) to base 13.
-3861a
-3615450 (base 12) to base 6
-1012350540
Convert -4175650 (base 8) to base 6.
-35504440
1509b2 (base 12) to base 14
92db8
Convert 3244907 (base 11) to base 4.
111300002021
Convert -3141463 (base 7) to base 6.
-12050554
Convert 177537 (base 9) to base 16.
1afb6
-24105030 (base 7) to base 12
-8702a9
-54513555 (base 7) to base 8
-21654735
5322903 (base 10) to base 6
310031023
What is -3054221 (base 6) in base 2?
-100011111111000101
-246848 (base 11) to base 6
-12204012
-444205 (base 6) to base 14
-d7d3
34405043 (base 6) to base 16
102753
What is 10c2abc (base 14) in base 7?
124661125
323033100 (base 5) to base 10
1377275
1a760 (base 11) to base 10
28864
-22210020220002 (base 3) to base 9
-8706802
1120551 (base 6) to base 7
325603
What is -1200002011012 (base 3) in base 9?
-1602135
311200 (base 5) to base 6
115035
-825a2 (base 11) to base 8
-353273
Convert -120379 (base 10) to base 4.
-131120323
Convert -171567 (base 15) to base 12.
-45b237
Convert 1237756 (base 9) to base 12.
286713
Convert 32215612 (base 7) to base 9.
5142004
What is -13a328a (base 11) in base 12?
-980069
What is 6b082 (base 13) in base 14?
51423
What is -575162 (base 9) in base 12?
-147762
Convert -55851 (base 11) to base 4.
-103233310
1100101111111111 (base 2) to base 15
10718
Convert 1234047 (base 15) to base 7.
216064000
4252221 (base 6) to base 12
a1071
-d28d1 (base 15) to base 2
-10100010110011110111
What is c1f0 (base 16) in base 8?
140760
Convert 133022100 (base 4) to base 10.
127632
-1d63a3 (base 14) to base 6
-34333335
-4127e (base 15) to base 4
-302121230
Convert -174056 (base 8) to base 7.
-353142
101 (base 11) to base 3
11112
-9081b4 (base 14) to base 13
-1013467
19538b (base 15) to base 9
2277825
Convert 11111111110111100 (base 2) to base 11.
8a475
Convert 11010010111100110 (base 2) to base 9.
174136
7327354 (base 9) to base 7
45166120
Convert -28c19c7 (base 13) to base 10.
-12970575
Convert 110101000110000 (base 2) to base 16.
6a30
Convert -2295b (base 14) to base 13.
-2c403
100112200010 (base 3) to base 15
3a9cc
12110200222 (base 3) to base 12
5238b
Convert -1224240 (base 5) to base 7.
-126040
17241424 (base 8) to base 10
4014868
Convert -119197 (base 12) to base 16.
-45ac3
Convert 3325427 (base 9) to base 7.
21126352
What is -41a940 (base 11) in base 7?
-5502640
-232102330 (base 4) to base 7
-1416565
What is 15247b (base 12) in base 2?
1010111000100011111
Convert -10402463 (base 9) to base 10.
-5021004
Convert -221100121221 (base 3) to base 13.
-14622a
4183023 (base 9) to base 6
120000033
What is 2556757 (base 12) in base 13?
1698c25
What is 304770 (base 9) in base 3?
100011212100
Convert -32052102 (base 6) to base 13.
-26bb71
What is 4b81 (base 14) in base 11?
9a51
Convert b9575 (base 16) to base 9.
1376327
What is -1100001000010100 (base 2) in base 8?
-141024
Convert -4046434 (base 7) to base 8.
-1656257
What is -10793c (base 13) in base 2?
-1011110110010010100
-2032035 (base 6) to base 15
-1de05
-33132333231 (base 4) to base 8
-17367755
-30003330 (base 5) to base 8
-712530
What is -200310332 (base 4) in base 12?
-65992
-43190 (base 10) to base 6
-531542
-233622 (base 7) to base 3
-2010211100
What is -3222516 (base 7) in base 11?
-248823
What is -4440404 (base 5) in base 16?
-12f24
Convert 10111001010011100001001 (base 2) to base 16.
5ca709
What is -10302111032 (base 4) in base 14?
-24939c
420215 (base 7) to base 16
119cc
What is 1010110110000001 (base 2) in base 7?
243332
Convert 1477486 (base 14) to base 6.
553404422
What is 2111212323 (base 4) in base 16?
959bb
Convert 52555232 (base 6) to base 5.
343231044
What is -10212002012100 (base 3) in base 7?
-23261460
3050460 (base 8) to base 13
223557
-2212221202 (base 3) to base 8
-156774
Convert -1082a0 (base 11) to base 6.
-3404311
What is 343276 (base 9) in base 15?
40ea9
-9d2d3 (base 16) to base 14
-12a895
What is -18621 (base 16) in base 10?
-99873
-320201100 (base 4) to base 12
-b1b80
3211403 (base 5) to base 8
151332
What is 124195 (base 11) in base 14?
51558
What is 774615 (base 8) in base 6?
5325553
Convert 338896 (base 15) to base 7.
26620632
Convert 11101001001100100 (base 2) to base 13.
4